 base 15
-19c5
What is -22311 (base 4) in base 13?
-414
Convert 1134 (base 12) to base 7.
5401
-1303310 (base 4) to base 16
-1cf4
What is 110110010011 (base 2) in base 6?
24031
Convert 651 (base 12) to base 10.
925
What is 20341 (base 7) in base 6?
35014
Convert -201033 (base 4) to base 5.
-32002
Convert 13312 (base 4) to base 11.
417
-12023 (base 4) to base 9
-478
3167 (base 16) to base 8
30547
Convert -12321 (base 5) to base 2.
-1111000001
What is 1100101 (base 2) in base 13?
7a
Convert 41a9 (base 13) to base 2.
10001110001000
Convert 2244 (base 6) to base 8.
1024
Convert -16a7 (base 13) to base 4.
-310110
-11101 (base 2) to base 5
-104
What is 5131 (base 7) in base 16?
6fa
What is b726 (base 15) in base 12?
1a500
Convert -10501 (base 6) to base 10.
-1477
Convert -20333 (base 4) to base 6.
-2355
What is 4704 (base 11) in base 4?
1200133
7072 (base 14) to base 8
45554
1540 (base 7) to base 11
510
Convert 5734 (base 14) to base 8.
35442
11111000010 (base 2) to base 10
1986
Convert 1ad (base 15) to base 12.
284
10010110 (base 2) to base 13
b7
-dd33 (base 16) to base 3
-2212200022
What is -2c88 (base 16) in base 8?
-26210
Convert -1203212 (base 5) to base 16.
-5723
1223 (base 11) to base 2
11000111110
What is 6268 (base 15) in base 4?
11010332
Convert -432531 (base 6) to base 5.
-2114443
Convert -113334 (base 8) to base 2.
-1001011011011100
What is -964 (base 14) in base 4?
-130330
What is 2120111 (base 5) in base 9?
53817
-13819 (base 10) to base 13
-63a0
Convert 10011000 (base 2) to base 11.
129
Convert 478 (base 11) to base 15.
27e
What is 473 (base 10) in base 11?
3a0
-2101 (base 5) to base 2
-100010100
-2013 (base 4) to base 5
-1020
What is 3313 (base 4) in base 7?
502
Convert -84385 (base 10) to base 2.
-10100100110100001
Convert -121122 (base 5) to base 7.
-16141
Convert 2021 (base 11) to base 9.
3613
What is 3200 (base 4) in base 14?
120
37370 (base 9) to base 12
12630
123230 (base 4) to base 10
1772
What is 60907 (base 10) in base 7?
342400
702 (base 9) to base 13
34a
-1392 (base 12) to base 7
-6422
-4650 (base 8) to base 14
-c88
What is 22254 (base 7) in base 14?
209b
What is -20332232 (base 4) in base 10?
-36782
What is 892 (base 13) in base 16?
5bf
Convert 15053 (base 7) to base 16.
103a
-100001100010011 (base 2) to base 4
-10030103
Convert 2b3 (base 14) to base 6.
2313
What is -57d (base 16) in base 8?
-2575
What is -13cd (base 15) in base 10?
-4243
Convert 1100102122 (base 3) to base 4.
12132332
What is 1b6 (base 12) in base 16?
11a
What is 1a859 (base 14) in base 12?
33093
Convert 1674 (base 8) to base 14.
4c4
Convert -192 (base 10) to base 11.
-165
Convert 110011111101 (base 2) to base 14.
12d7
What is -4b3 (base 13) in base 10?
-822
Convert -25 (base 11) to base 6.
-43
What is -1000110101010 (base 2) in base 9?
-6174
Convert -131a6 (base 11) to base 13.
-8788
Convert -2591 (base 10) to base 9.
-3488
Convert -1110 (base 3) to base 4.
-213
What is -174f (base 16) in base 9?
-8160
Convert 20132221 (base 4) to base 7.
203152
1653 (base 12) to base 10
2655
What is -1419 (base 10) in base 6?
-10323
What is 2a06 (base 13) in base 5?
143330
What is -592 (base 15) in base 3?
-1201202
Convert -1450211 (base 6) to base 15.
-19eb4
2cf (base 16) to base 4
23033
1122302 (base 4) to base 8
13262
Convert -224 (base 8) to base 4.
-2110
What is -45c8 (base 15) in base 4?
-3213131
Convert -153 (base 12) to base 11.
-179
Convert 1214 (base 6) to base 5.
2143
What is 2ac0 (base 15) in base 9?
13530
What is -15135 (base 6) in base 10?
-2435
What is 1c62 (base 13) in base 5?
114210
-199 (base 16) to base 11
-342
Convert -21543 (base 6) to base 2.
-101111000111
113223 (base 4) to base 10
1515
Convert 27a0 (base 11) to base 12.
2117
What is -8626 (base 10) in base 3?
-102211111
What is -715 (base 13) in base 16?
-4b1
What is 3202332 (base 4) in base 8?
34276
Convert 459 (base 12) to base 2.
1010000101
Convert 164705 (base 8) to base 5.
3403340
26400 (base 7) to base 12
4100
What is -1680 (base 14) in base 13?
-1ab2
Convert 1012002 (base 5) to base 14.
602a
What is 46e8 (base 15) in base 13?
6b21
16b (base 15) to base 11
277
Convert -8701 (base 13) to base 11.
-13105
What is -11134 (base 6) in base 5?
-22240
220110 (base 6) to base 8
43412
96c6 (base 15) to base 14
b8b5
1231231 (base 4) to base 13
3271
What is 1663 (base 9) in base 3?
1202010
25a (base 12) to base 10
358
What is c1a (base 14) in base 3?
10021000
Convert -53043 (base 6) to base 8.
-15763
-670 (base 9) to base 16
-225
What is -1771 (base 8) in base 15?
-47c
Convert 13253 (base 7) to base 4.
313232
What is -251564 (base 7) in base 3?
-2100110002
-1101101101010 (base 2) to base 3
-100121221
Convert -2800 (base 10) to base 13.
-1375
Convert 1403 (base 7) to base 11.
453
13213 (base 9) to base 10
8922
-10101001101 (base 2) to base 10
-1357
Convert -223 (base 5) to base 12.
-53
-1240 (base 8) to base 2
-1010100000
What is -1010211222 (base 3) in base 5?
-1204430
-54444 (base 8) to base 10
-22820
497 (base 13) to base 5
11200
633 (base 11) to base 13
468
30326 (base 8) to base 4
3003112
-1131243 (base 5) to base 3
-1001120020
What is 3574 (base 9) in base 16?
a63
Convert -1000000011001001 (base 2) to base 8.
-100311
Convert 1000012 (base 3) to base 5.
10414
Convert -9338 (base 10) to base 5.
-244323
What is -1763 (base 8) in base 6?
-4403
Convert 45a6 (base 12) to base 6.
55530
Convert -112020 (base 3) to base 10.
-384
Convert 36 (base 9) to base 3.
1020
What is 202 (base 4) in base 11?
31
14100 (base 5) to base 4
101332
Convert 3dd (base 14) to base 6.
3343
-928 (base 13) to base 8
-3023
What is 375 (base 13) in base 7?
1521
What is 1921 (base 14) in base 3?
20020001
Convert 110011011011000 (base 2) to base 14.
9848
Convert -1233a (base 16) to base 9.
-123237
Convert -110100110 (base 3) to base 2.
-10001100101011
What is -39 (base 15) in base 2?
-110110
What is -561 (base 9) in base 4?
-13030
10641 (base 7) to base 10
2724
Convert -2020133 (base 5) to base 7.
-163610
-24 (base 16) to base 2
-100100
-621 (base 9) to base 4
-13321
What is -21601 (base 10) in base 16?
-5461
Convert -31065 (base 9) to base 16.
-4ff7
What is -56 (base 14) in base 5?
-301
Convert -4a5 (base 14) to base 8.
-1641
Convert 4350 (base 7) to base 9.
2116
Convert 1163 (base 7) to base 9.
535
Convert -377 (base 13) to base 16.
-25d
Convert 34321 (base 6) to base 4.
1030021
Convert -6de (base 16) to base 6.
-12050
-210201120 (base 3) to base 8
-36735
Convert -cfc (base 16) to base 12.
-1b10
-1870 (base 11) to base 9
-3230
42a (base 11) to base 12
370
What is -22300 (base 4) in base 8?
-1260
What is -13301 (base 7) in base 3?
-11220112
What is 18b (base 13) in base 3?
101112
131 (base 11) to base 4
2123
-268b (base 15) to base 7
-32666
Convert -32 (base 5) to base 3.
-122
Convert 42450 (base 6) to base 7.
22611
What is 3501 (base 7) in base 16?
4fb
What is -111010110011 (base 2) in base 13?
-1936
Convert 1021 (base 4) to base 11.
67
What is 10100000100001 (base 2) in base 3?
112002111
Convert 2dd (base 16) to base 7.
2065
What is dc1 (base 16) in base 13?
17ab
What is -111100 (base 3) in base 2?
-101101000
-6c1 (base 16) to base 15
-7a4
3032 (base 4) to base 2
11001110
20221 (base 4) to base 16
229
What is 111100110000011 (base 2) in base 14?
b49d
Convert -685 (base 13) to base 4.
-101203
-1010100110 (base 2) to base 9
-833
Convert -44423 (base 5) to base 3.
-11021022
What is -3555 (base 7) in base 16?
-522
Convert 12123 (base 4) to base 16.
19b
-1131222 (base 4) to base 16
-176a
What is 2423 (base 8) in base 12?
903
What is -1344 (base 11) in base 5?
-23432
What is -20020 (base 4) in base 2?
-1000001000
Convert 230 (base 10) to base 5.
1410
-1000001110000111 (base 2) to base 14
-c3b1
What is 2302013 (base 4) in base 3?
120122012
What is 15334 (base 6) in base 11?
1979
26557 (base 12) to base 8
146623
1000011011101000 (base 2) to base 6
423520
27a2 (base 11) to base 8
7045
What is 61526 (base 9) in base 13?
155a3
-850 (base 13) to base 2
-10110001001
Convert 6583 (base 9) to base 11.
3713
-15421 (base 6) to base 5
-40113
Convert -4026 (base 11) to base 7.
-21414
What is 10022120 (base 3) in base 11?
18a9
What is -1364 (base 11) in base 3?
-2102100
Convert -20 (base 10) to base 3.
-202
Convert 16302 (base 7) to base 5.
121